e 10) in base 3?
-1101
Convert 5b (base 15) to base 2.
1010110
2c (base 15) to base 13
33
Convert 2 (base 9) to base 16.
2
63 (base 13) to base 2
1010001
What is -33 (base 14) in base 8?
-55
-10 (base 5) to base 8
-5
146 (base 7) to base 10
83
-8 (base 9) to base 16
-8
Convert 10 (base 4) to base 3.
11
1100 (base 2) to base 3
110
What is 10111 (base 2) in base 3?
212
0 (base 11) to base 9
0
Convert 41 (base 8) to base 5.
113
What is -3 (base 8) in base 9?
-3
Convert -81 (base 9) to base 7.
-133
Convert -2 (base 13) to base 5.
-2
What is 1 (base 6) in base 3?
1
1100 (base 2) to base 12
10
-11 (base 15) to base 10
-16
Convert 19 (base 15) to base 9.
26
Convert -b (base 16) to base 9.
-12
What is 1 (base 15) in base 10?
1
What is -2 (base 10) in base 4?
-2
What is b0 (base 12) in base 8?
204
What is -4 (base 12) in base 9?
-4
What is -13 (base 16) in base 13?
-16
Convert -10 (base 8) to base 2.
-1000
What is 31 (base 9) in base 11?
26
What is -114 (base 8) in base 15?
-51
What is -3 (base 15) in base 6?
-3
Convert 7e (base 16) to base 7.
240
Convert -184 (base 10) to base 9.
-224
83 (base 14) to base 3
11021
cc (base 14) to base 8
264
2 (base 4) to base 10
2
Convert -110 (base 3) to base 9.
-13
What is -19 (base 10) in base 11?
-18
Convert 13 (base 9) to base 14.
c
Convert -5e (base 16) to base 6.
-234
-3 (base 5) to base 9
-3
Convert -24 (base 12) to base 5.
-103
-2131 (base 5) to base 9
-353
What is 1110 (base 3) in base 11?
36
0 (base 3) to base 13
0
2 (base 7) to base 6
2
-182 (base 9) to base 4
-2123
Convert 14 (base 12) to base 14.
12
Convert 322 (base 4) to base 13.
46
-35 (base 14) to base 2
-101111
Convert -1 (base 10) to base 9.
-1
What is -1011 (base 2) in base 5?
-21
What is -3 (base 7) in base 8?
-3
-202 (base 5) to base 16
-34
What is 0 (base 7) in base 16?
0
-43 (base 5) to base 16
-17
What is -4 (base 9) in base 2?
-100
What is 201 (base 3) in base 13?
16
What is -14 (base 11) in base 10?
-15
Convert 245 (base 7) to base 8.
203
-147 (base 8) to base 3
-10211
What is 160 (base 13) in base 7?
502
4 (base 11) to base 9
4
What is -5 (base 16) in base 9?
-5
Convert -4 (base 6) to base 13.
-4
What is -10 (base 2) in base 6?
-2
What is 1 (base 10) in base 5?
1
What is 2 (base 8) in base 16?
2
Convert 1 (base 6) to base 12.
1
-5 (base 13) to base 10
-5
-61 (base 10) to base 6
-141
3 (base 14) to base 5
3
Convert -24 (base 15) to base 10.
-34
What is -5 (base 13) in base 8?
-5
Convert -2 (base 13) to base 7.
-2
Convert -32 (base 6) to base 9.
-22
9 (base 10) to base 13
9
Convert 10 (base 15) to base 7.
21
What is -74 (base 8) in base 10?
-60
What is -1001011 (base 2) in base 9?
-83
-13 (base 11) to base 5
-24
What is 113 (base 8) in base 4?
1023
What is -10002 (base 4) in base 13?
-16b
What is 2 (base 7) in base 13?
2
32 (base 4) to base 9
15
What is 645 (base 7) in base 16?
147
What is -7 (base 12) in base 9?
-7
-14 (base 5) to base 7
-12
Convert -10 (base 3) to base 8.
-3
Convert -101 (base 2) to base 4.
-11
38 (base 9) to base 5
120
3 (base 12) to base 11
3
153 (base 15) to base 11
256
Convert 9b (base 13) to base 9.
152
-24 (base 10) to base 15
-19
What is 3 (base 11) in base 2?
11
Convert 5 (base 15) to base 13.
5
Convert 45 (base 11) to base 6.
121
Convert -2e (base 15) to base 16.
-2c
1 (base 11) to base 8
1
Convert 7 (base 15) to base 2.
111
Convert 100 (base 2) to base 16.
4
-10000 (base 3) to base 12
-69
What is 0 (base 10) in base 8?
0
-67 (base 8) to base 13
-43
-c (base 14) to base 11
-11
What is 31 (base 5) in base 11?
15
What is 1 (base 10) in base 3?
1
Convert 21 (base 10) to base 11.
1a
-1 (base 2) to base 11
-1
Convert 10 (base 8) to base 10.
8
Convert 1c (base 14) to base 2.
11010
Convert 1143 (base 5) to base 14.
c5
-2 (base 6) to base 14
-2
What is -42 (base 8) in base 14?
-26
Convert -9 (base 10) to base 11.
-9
What is -14 (base 9) in base 7?
-16
What is -1 (base 3) in base 11?
-1
Convert 100 (base 2) to base 7.
4
What is -5 (base 9) in base 7?
-5
c (base 13) to base 4
30
Convert 51 (base 9) to base 4.
232
What is 113 (base 10) in base 13?
89
10 (base 9) to base 2
1001
What is 0 (base 9) in base 13?
0
-3 (base 10) to base 16
-3
Convert -100 (base 6) to base 5.
-121
Convert -1111110 (base 2) to base 16.
-7e
1010 (base 2) to base 3
101
What is 1c (base 14) in base 8?
32
Convert 57 (base 15) to base 2.
1010010
-1 (base 14) to base 9
-1
6 (base 7) to base 6
10
Convert -72 (base 14) to base 13.
-79
Convert 5 (base 16) to base 12.
5
-1b (base 13) to base 2
-11000
What is -140 (base 6) in base 3?
-2020
-1c (base 15) to base 6
-43
3 (base 7) to base 10
3
What is 5 (base 10) in base 4?
11
51 (base 11) to base 9
62
54 (base 14) to base 16
4a
What is -1000 (base 2) in base 16?
-8
What is 45 (base 7) in base 11?
30
Convert -2001 (base 3) to base 16.
-37
Convert a (base 15) to base 14.
a
What is 0 (base 10) in base 6?
0
What is -168 (base 9) in base 13?
-b0
Convert -50 (base 6) to base 2.
-11110
What is -13 (base 4) in base 7?
-10
7 (base 13) to base 12
7
What is 2 (base 5) in base 13?
2
Convert -21 (base 15) to base 5.
-111
What is 3 (base 8) in base 2?
11
122 (base 7) to base 5
230
4 (base 11) to base 5
4
-1001011 (base 2) to base 14
-55
Convert 62 (base 9) to base 6.
132
What is -3 (base 8) in base 13?
-3
-100100 (base 2) to base 16
-24
Convert -10 (base 12) to base 11.
-11
-be (base 16) to base 15
-ca
What is 9 (base 12) in base 16?
9
What is 1010 (base 3) in base 6?
50
Convert -d1 (base 14) to base 5.
-1213
Convert -7 (base 9) to base 5.
-12
Convert 2 (base 11) to base 2.
10
What is 2 (base 7) in base 15?
2
153 (base 8) to base 4
1223
Convert -11000 (base 2) to base 5.
-44
-2 (base 7) to base 5
-2
Convert -151 (base 14) to base 2.
-100001011
What is 0 (base 7) in base 9?
0
Convert -33 (base 5) to base 3.
-200
Convert -7 (base 10) to base 6.
-11
What is 63 (base 16) in base 14?
71
-6 (base 10) to base 11
-6
Convert -11 (base 5) to base 9.
-6
-56 (base 9) to base 16
-33
Convert -113 (base 5) to base 8.
-41
-2 (base 16) to base 11
-2
-451 (base 6) to base 5
-1200
0 (base 2) to base 11
0
What is -27 (base 12) in base 8?
-37
50 (base 8) to base 14
2c
Convert 154 (base 14) to base 3.
101000
Convert -156 (base 14) to base 10.
-272
What is 1000 (base 2) in base 10?
8
Convert 34 (base 16) to base 15.
37
What is -5 (base 10) in base 9?
-5
What is 3 (base 10) in base 8?
3
What is 110 (base 4) in base 5?
40
-145 (base 7) to base 5
-312
32 (base 4) to base 5
24
-5 (base 14) to base 3
-12
What is 11 (base 2) in base 5?
3
220 (base 3) to base 9
26
What is -22 (base 5) in base 13?
-c
What is -23 (base 10) in base 9?
-25
Convert -2 (base 15) to base 8.
-2
-12 (base 4) to base 12
-6
Convert 100111 (base 2) to base 5.
124
Convert -6f (base 16) to base 9.
-133
What is -e (base 16) in base 13?
-11
-33 (base 8) to base 14
-1d
What is 2 (base 11) in base 4?
2
What is 66 (base 12) in base 4?
1032
What is 7 (base 15) in base 8?
7
What is -300 (base 5) in base 9?
-83
Convert 0 (base 15) to base 5.
0
What is 132 (base 6) in base 2?
111000
20 (base 3) to base 6
10
What is 6 (base 12) in base 3?
20
What is 31 (base 6) in base 9?
21
What is 52 (base 8) in base 2?
101010
What is 14 (base 15) in base 4?
103
Convert 1002 (base 6) to base 9.
262
What is 141 (base 5) in base 7?
64
What is -122 (base 5) in base 11?
-34
25 (base 7) to base 10
19
-1 (base 6) to base 4
-1
Convert 15 (base 11) to base 16.
10
What is -1000 (base 3) in base 4?
-123
Convert 212 (base 3) to base 12.
1b
What is -3 (base 12) in base 5?
-3
a (base 14) to base 15
a
-21 (base 16) to base 3
-1020
What is 1 (base 10) in base 9?
1
What is -12 (base 6) in base 2?
-1000
-35 (base 13) to base 5
-134
What is -1b (base 14) in base 6?
-41
-59 (base 14) to base 10
-79
Convert -3 (base 16) to base 2.
-11
Convert -23 (base 5) to base 13.
-10
What is -20 (base 11) in base 6?
-34
What is 62 (base 12) in base 10?
74
330 (base 4) to base 5
220
What is -23 (base 7) in base 5?
-32
-10 (base 4) to base 10
-4
Convert -3 (base 14) to base 5.
-3
What is 11 (base 12) in base 2?
1101
Convert -1 (base 10) to base 4.
-1
Convert -27 (base 14) to base 4.
-203
Convert -3 (base 5) to base 10.
-3
-20 (base 6) to base 5
-22
What is 14 (base 14) in base 7?
24
What is -1 (base 11) in base 16?
-1
-13 (base 13) to base 1